8*k + k**2. Let h be a(-8). Suppose 4*b = -3*t + 989, h*t = 4*b - 640 - 331. What is the tens digit of b?
4
Let m = -354 + 375. Suppose -4*z = -m*z + 5304. What is the hundreds digit of z?
3
Let i(p) = -p**3 - 42*p**2 + 40*p + 378. What is the thousands digit of i(-45)?
4
Suppose -10871*a + 10873*a - 4884 = 0. What is the tens digit of a?
4
Let p be 189/(-27) + 2*3. Let t(u) = -773*u + 36. What is the tens digit of t(p)?
0
Let q be (-688)/(-16 + 8) + -6. What is the tens digit of q/5 - 7 - -1773?
8
Let d(l) = 392*l**2 + 13*l + 56. Let s be d(-5). Suppose 31449 = 34*t + s. What is the units digit of t?
7
Let f(v) be the first derivative of -11*v**2/2 - 30*v + 4. Suppose -2*k + 36 = -4*z, 5*k + 21 = 1. What is the units digit of f(z)?
1
Let o be (-2)/(-7) - (-122)/14. Let k(g) = 2*g**2 - g + 46. Let m(s) = -3*s**2 + s - 68. Let l(n) = -7*k(n) - 5*m(n). What is the units digit of l(o)?
7
Suppose 3*n = 4*f - 101, -3*n + 10 = -f + 42. Suppose 0 = -f*i + 20*i + 2*b + 2486, -3*i - 3*b + 2466 = 0. What is the hundreds digit of i?
8
Suppose -62*o + 720 = -58*o. Let n = o + -132. What is the tens digit of n?
4
Let w = -409 + 413. Suppose w*d + 9*d = 13585. What is the tens digit of d?
4
Suppose 3*f - 5*s - 218 = 0, f - 178 = -2*f - 5*s. Let v be f/(-7)*((-42)/7 - 8). Suppose 2*q + 2*b - v = -0*q, -5*q - 2*b = -318. What is the tens digit of q?
6
Let h(i) = 3894*i - 826. What is the tens digit of h(5)?
4
Suppose 2*h = -2*m + 22884, m + 29*h = 34*h + 11442. What is the tens digit of m?
4
Suppose -5*f + 1 = -29. Suppose -10 = -0*h - 3*h - 5*a, 4 = -4*a. Suppose 3*j - 3 = 0, 0 = -h*c + j - f*j + 30. What is the units digit of c?
5
Let l(v) be the first derivative of -5*v**2/2 + 66*v - 78. What is the units digit of l(-11)?
1
Let p(y) = 50*y**2 + y - 166. What is the thousands digit of p(10)?
4
Let t(w) = -279*w**2 + 2*w + 11. Let a be t(2). Let l = -625 - a. What is the tens digit of l?
7
Let o be ((-110)/15 - -2)*-15. Let g be o*(-2)/(8/(-19)). Suppose -h - 4*h + g = 0. What is the tens digit of h?
7
Let m = 24506 + -3558. What is the hundreds digit of m?
9
Let c(y) = 20*y - 202. Let d(v) = 40*v - 408. Let l(z) = -13*c(z) + 6*d(z). What is the units digit of l(-11)?
8
Let q = 12 + -5. Suppose q*i - 2557 = 565. What is the tens digit of i?
4
Let a(r) = 5 + 85*r**2 + 77*r**2 - 6*r - 3 - 155*r**2 + 0. What is the units digit of a(3)?
7
Let r(w) be the third derivative of -1/6*w**4 + 52/3*w**3 + 0*w + 0 + 15*w**2. What is the tens digit of r(0)?
0
Let h(n) = -3860*n - 5. Let x be h(-6). Let l be ((-2)/4)/(-6 + x/3860). Let j = 547 - l. What is the units digit of j?
1
Let o be (3 + 1 - 3)/(5/15). Suppose 0 = o*s - 944 - 697. What is the tens digit of s?
4
Suppose -i = -2*k - 5, -3*k - 2*i = -8*k - 10. Let g be (k - (-12)/16)*4. Suppose 5*x + g*v - 760 = 7*v, 4*v = 2*x - 304. What is the hundreds digit of x?
1
Let o(p) = 138*p**2 - 8*p - 2. Let d be o(-4). Suppose 0 = 3*a - a - f - d, 2232 = 2*a + 2*f. What is the thousands digit of a?
1
Suppose 0 = 5*t - 362 - 2408. Suppose f - l - 240 = 0, -4*f - 4*l = -406 - t. What is the units digit of f?
0
Let t be 6/(-51) - 20/(-170). Suppose x = u - 1, 3*x = 2*u - t*u + 2. Suppose 4*v = -x*j + 840, -2*v = -j + v + 226. What is the hundreds digit of j?
2
Let v be (-1659)/(-2)*(-33)/(1287/(-52)). Let x = 286 + v. What is the tens digit of x?
9
Let j(w) = -110*w + 10. Suppose -5*l - 9 - 11 = 0. What is the units digit of j(l)?
0
Let z be (-598)/(-130) - 6/10. Suppose 42 = -5*f + 4*r, -z*f + 4*r = -0*r + 36. What is the units digit of (-47)/94*(-3)/(f/(-536))?
4
Let v(t) = -707*t + 10. What is the thousands digit of v(-12)?
8
Let u(s) = 116*s**2 + 39*s - 224*s**2 - 100 + 107*s**2. What is the tens digit of u(27)?
2
Let v = 57172 + -36208. What is the units digit of v?
4
Let x(p) = 649*p**2 - 439*p + 2257. What is the hundreds digit of x(5)?
2
Let p = -72 - -73. Let l(s) be the first derivative of 41*s**2 - 2. What is the tens digit of l(p)?
8
Suppose -50*y + 6 = -52*y - 2*u, 0 = -4*y - 5*u - 14. Suppose -2*p - 4*d + 312 = 0, -p + 2*d + 604 = 3*p. What is the tens digit of p/(-10)*(y + 12/(-3))?
7
Let v = -6 - -11. Suppose -2*p + 4*y - 8*y + 8 = 0, -v*p = -4*y - 20. Suppose -p*s = 4*s - 896. What is the units digit of s?
2
Let h(x) = x**2 - 15*x + 19. Let d be h(6). Let z = d + 57. What is the tens digit of z?
2
What is the tens digit of 2424/(-120)*15*(4/(-3))/2?
0
Let u(q) = q**2 + 9*q - 33. Let s be u(-12). Suppose 0 = -3*l - s*l + 2238. What is the hundreds digit of l?
3
Let i be (-4)/14 + 27/(2268/192). Suppose 3*j - i*c = 4471, -3*j + 0*c = -3*c - 4476. What is the units digit of j?
7
Suppose -4*s = 5*z + 190, 0 = -3*z + 4 + 2. Let n = s - -53. Suppose 5*t = 3*d - 69, 0 = -n*d + 3*t + 17 + 52. What is the tens digit of d?
2
Let y be 4/(-6) - 28/(-6). Let s be -129 - (y + -8 + 6). Let t = s + 214. What is the units digit of t?
3
Let s = 26877 - 14582. Suppose -16*m + s = 4263. What is the hundreds digit of m?
5
Let w(v) = -v**3 - 130*v**2 - 73*v - 1170. What is the units digit of w(-130)?
0
Let g(r) = 2*r**3 + 29*r**2 + 38*r - 12. Let o be g(-13). Let v(b) = 8*b**2 + 3*b + 34*b**3 - 2 - 8*b**2. What is the tens digit of v(o)?
3
Let h(m) = 2*m**2 + 5*m - 72. Let j be h(21). Suppose -4*b + 6*r + 753 = 7*r, -5*b + j = -4*r. What is the hundreds digit of b?
1
Let q(w) = -21*w**2 - 8*w - 9. Let y be q(-4). Let c = -33 - y. What is the tens digit of c?
8
Let s(t) = -46*t**2 - 4*t + 23. Let j(h) = -2*h**2 - 2*h. Let r(g) = 5*j(g) - s(g). What is the tens digit of r(-3)?
1
Suppose -60 = -5*z - 7*z. What is the units digit of 318/14 - ((-40)/28)/z?
3
What is the units digit of (-5 - -4)*(3 + 1 + 2 + -1242)?
6
Let d be (-26 + (-4 - -11))*-877. Suppose -30*v - d = -49*v. What is the tens digit of v?
7
Let s(n) = n**2 - 10*n - 27. Let w be s(-12). Let z = w - 160. Let f = z - 61. What is the tens digit of f?
1
Let i = -11269 - -20747. What is the units digit of i?
8
Suppose 0 = -3*f + 5*h + 66931, 5*h + 89238 = 314*f - 310*f. What is the thousands digit of f?
2
Suppose -3*k - 4*x + 18387 = 0, 3*k - 9148 - 9233 = -2*x. What is the units digit of k?
5
Suppose 0 = 11*t - 14250 - 54742. What is the units digit of t?
2
Suppose 0 = 5*u + 4*j - 45, 16 = 10*u - 8*u + 2*j. Suppose -4096 = -u*y + 12063. What is the thousands digit of y?
1
Suppose g = 4*g - 12. Suppose -5*h - 2*l + 178 = 0, -50 = -h - g*l - 0*l. Suppose x + 5*q - h = 0, 2*q + 102 = 3*x - 0*q. What is the tens digit of x?
3
Let z(p) = -13*p**3 - 3*p**2 - 17*p - 46. Let y be z(-4). What is the units digit of -5 + (y - -4) - 6?
9
Let y be -7 + 8/(-48)*0. Let q(p) = -p + 1. Let k be q(-3). What is the units digit of (-4)/k + -8*y/2?
7
Let j(m) be the first derivative of -m**4/4 - 11*m**3/3 - 9*m**2 + 6*m + 37. Let g be j(-9). Suppose -g*w + 1249 = 409. What is the hundreds digit of w?
1
Let w be (-2)/((22 + -21)*(-2)/3). Suppose -4*v + 302 = u, -2*v - w*u + 105 = -41. What is the units digit of v?
6
Suppose 2*r = 20*b - 16*b - 87422, 3*b = 5*r + 65556. What is the hundreds digit of b?
8
Let w be 837/18*(-32)/3. Let l = w + 895. Let d = 576 - l. What is the units digit of d?
7
Let y = -250 + 253. Suppose -5*d - 2*n + 6106 = 0, -7*n - 2452 = -2*d - y*n. What is the tens digit of d?
2
Let w(q) = 200*q - 8164. What is the hundreds digit of w(87)?
2
Let m(y) be the first derivative of -y**4/4 + 34*y**3/3 - 13*y**2 + 48*y - 36. What is the thousands digit of m(32)?
1
Suppose -689 + 197 = -3*p. Let v(m) = -4*m**2 + 13*m - 1. Let l be v(3). Suppose 10 = -l*c + p. What is the units digit of c?
7
Suppose -19*i = -826 - 732. Suppose -b + 5*j = -1355, -80*b - 4*j - 2710 = -i*b. What is the hundreds digit of b?
3
Suppose -3*z = z + 16. Let o be 10/(-2) + 4 - z. Suppose 8 + 31 = o*i. What is the units digit of i?
3
Let t(a) = -a**2 + 10*a - 12. Let j be t(9). Let w be (-2)/4 + j + (-105)/10. Let i(y) = -2*y**2 - 30*y - 18. What is the tens digit of i(w)?
1
Let c = -7149 - -9690. What is the tens digit of c?
4
Let o(b) = -b**2 + 15*b + 45. Let z be o(17). Suppose z = 2*w + 11. Suppose -2*g - 4*u + 44 = w, -g - 4*u + 40 = -8*u. What is the tens digit of g?
2
Suppose -1102551 = -23*o - 423752. What is the units digit of o?
3
Suppose 5*t - 5 = 4*t. Let v(r) = -214 - r**3 - 212 + 421 + 6*r**2. 